{"id":2,"date":"2015-09-16T04:24:25","date_gmt":"2015-09-16T04:24:25","guid":{"rendered":"http:\/\/wp431m.a10-52-158-154.qa.plesk.ru\/wordpress\/?page_id=2"},"modified":"2018-10-10T19:26:22","modified_gmt":"2018-10-10T19:26:22","slug":"sample-page","status":"publish","type":"page","link":"http:\/\/regeneracjaglowic.com\/","title":{"rendered":"O Firmie"},"content":{"rendered":"<p style=\"text-align: justify;\">Firma Zak\u0142ad \u015alusarski zosta\u0142a za\u0142o\u017cona przez Jana Pie\u015bcika w 1985 roku. Na pocz\u0105tku istnienia g\u0142\u00f3wnym profilem dzia\u0142alno\u015bci firmy by\u0142y us\u0142ugi dla rolnictwa i ma\u0142ych przedsi\u0119biorstw. <a href=\"http:\/\/regeneracjaglowic.com\/wp-content\/uploads\/2018\/10\/RegeneracjaGlowic001.jpg\"><img loading=\"lazy\" decoding=\"async\" class=\"wp-image-156 size-medium alignright\" src=\"http:\/\/regeneracjaglowic.com\/wp-content\/uploads\/2018\/10\/RegeneracjaGlowic001-300x225.jpg\" alt=\"\" width=\"300\" height=\"225\" srcset=\"http:\/\/regeneracjaglowic.com\/wp-content\/uploads\/2018\/10\/RegeneracjaGlowic001-300x225.jpg 300w, http:\/\/regeneracjaglowic.com\/wp-content\/uploads\/2018\/10\/RegeneracjaGlowic001-768x576.jpg 768w, http:\/\/regeneracjaglowic.com\/wp-content\/uploads\/2018\/10\/RegeneracjaGlowic001-1024x768.jpg 1024w, http:\/\/regeneracjaglowic.com\/wp-content\/uploads\/2018\/10\/RegeneracjaGlowic001.jpg 1200w\" sizes=\"auto, (max-width: 300px) 100vw, 300px\" \/><\/a>Obecny w\u0142a\u015bciciel firmy Piotr Pie\u015bcik przekszta\u0142cil profil dzia\u0142alno\u015bci w obr\u00f3bk\u0119 g\u0142owic silnikowych. Pocz\u0105tki jak zawsze by\u0142y trudne i zacz\u0119\u0142y si\u0119 od ma\u0142ego warsztatu kt\u00f3ry zosta\u0142 przerobiony po gara\u017cu samochodowym. Obecnie zak\u0142ad zmieni\u0142 siedzib\u0119 na now\u0105 i jest to firma w kt\u00f3rej pracuj\u0105 trzy pokolenia; Jan Pie\u015bcik, Piotr Pie\u015bcik i Artur Pie\u015bcik. Pracujemy na bardzo nowoczesnych maszynach kt\u00f3re mo\u017cna zobaczy\u0107 w zak\u0142adce Galeria. Przez lata obr\u00f3bki i kursy specjalistyczne zdobyli\u015bmy bardzo du\u017ce do\u015bwiadczenie w g\u0142owicach silnikowych i potrafimy sprosta\u0107 prawie ka\u017cdemu wyzwaniu.<\/p>\n","protected":false},"excerpt":{"rendered":"<p>Firma Zak\u0142ad \u015alusarski zosta\u0142a za\u0142o\u017cona przez Jana Pie\u015bcika w 1985 roku. Na pocz\u0105tku istnienia g\u0142\u00f3wnym profilem dzia\u0142alno\u015bci firmy by\u0142y us\u0142ugi dla rolnictwa i ma\u0142ych przedsi\u0119biorstw. Obecny w\u0142a\u015bciciel firmy Piotr Pie\u015bcik przekszta\u0142cil profil dzia\u0142alno\u015bci w obr\u00f3bk\u0119 g\u0142owic silnikowych. Pocz\u0105tki jak zawsze by\u0142y trudne i zacz\u0119\u0142y si\u0119 od ma\u0142ego warsztatu kt\u00f3ry zosta\u0142 przerobiony po gara\u017cu samochodowym. Obecnie zak\u0142ad zmieni\u0142 siedzib\u0119 na now\u0105 i jest to firma w kt\u00f3rej pracuj\u0105 trzy pokolenia; Jan Pie\u015bcik, Piotr Pie\u015bcik i Artur Pie\u015bcik. Pracujemy na bardzo nowoczesnych maszynach kt\u00f3re mo\u017cna zobaczy\u0107 w zak\u0142adce Galeria. Przez lata obr\u00f3bki&#8230;<a class=\"read-more\" href=\"http:\/\/regeneracjaglowic.com\/\">read more<\/a><\/p>\n","protected":false},"author":1,"featured_media":142,"parent":0,"menu_order":0,"comment_status":"closed","ping_status":"open","template":"","meta":{"footnotes":""},"class_list":["post-2","page","type-page","status-publish","has-post-thumbnail","hentry","wp-image-borders","et-bg-layout-dark","et-white-bg"],"_links":{"self":[{"href":"http:\/\/regeneracjaglowic.com\/index.php?rest_route=\/wp\/v2\/pages\/2","targetHints":{"allow":["GET"]}}],"collection":[{"href":"http:\/\/regeneracjaglowic.com\/index.php?rest_route=\/wp\/v2\/pages"}],"about":[{"href":"http:\/\/regeneracjaglowic.com\/index.php?rest_route=\/wp\/v2\/types\/page"}],"author":[{"embeddable":true,"href":"http:\/\/regeneracjaglowic.com\/index.php?rest_route=\/wp\/v2\/users\/1"}],"replies":[{"embeddable":true,"href":"http:\/\/regeneracjaglowic.com\/index.php?rest_route=%2Fwp%2Fv2%2Fcomments&post=2"}],"version-history":[{"count":22,"href":"http:\/\/regeneracjaglowic.com\/index.php?rest_route=\/wp\/v2\/pages\/2\/revisions"}],"predecessor-version":[{"id":180,"href":"http:\/\/regeneracjaglowic.com\/index.php?rest_route=\/wp\/v2\/pages\/2\/revisions\/180"}],"wp:featuredmedia":[{"embeddable":true,"href":"http:\/\/regeneracjaglowic.com\/index.php?rest_route=\/wp\/v2\/media\/142"}],"wp:attachment":[{"href":"http:\/\/regeneracjaglowic.com\/index.php?rest_route=%2Fwp%2Fv2%2Fmedia&parent=2"}],"curies":[{"name":"wp","href":"https:\/\/api.w.org\/{rel}","templated":true}]}}

<p style="text-align: justify;">Firma Zakład Ślusarski została założona przez Jana Pieścika w 1985 roku. Na początku istnienia głównym profilem działalności firmy były usługi dla rolnictwa i małych przedsiębiorstw. <a href="http://regeneracjaglowic.com/wp-content/uploads/2018/10/RegeneracjaGlowic001.jpg"><img loading="lazy" decoding="async" class="wp-image-156 size-medium alignright" src="http://regeneracjaglowic.com/wp-content/uploads/2018/10/RegeneracjaGlowic001-300x225.jpg" alt="" width="300" height="225" srcset="http://regeneracjaglowic.com/wp-content/uploads/2018/10/RegeneracjaGlowic001-300x225.jpg 300w, http://regeneracjaglowic.com/wp-content/uploads/2018/10/RegeneracjaGlowic001-768x576.jpg 768w, http://regeneracjaglowic.com/wp-content/uploads/2018/10/RegeneracjaGlowic001-1024x768.jpg 1024w, http://regeneracjaglowic.com/wp-content/uploads/2018/10/RegeneracjaGlowic001.jpg 1200w" sizes="auto, (max-width: 300px) 100vw, 300px" /></a>Obecny właściciel firmy Piotr Pieścik przekształcil profil działalności w obróbkę głowic silnikowych. Początki jak zawsze były trudne i zaczęły się od małego warsztatu który został przerobiony po garażu samochodowym. Obecnie zakład zmienił siedzibę na nową i jest to firma w której pracują trzy pokolenia; Jan Pieścik, Piotr Pieścik i Artur Pieścik. Pracujemy na bardzo nowoczesnych maszynach które można zobaczyć w zakładce Galeria. Przez lata obróbki i kursy specjalistyczne zdobyliśmy bardzo duże doświadczenie w głowicach silnikowych i potrafimy sprostać prawie każdemu wyzwaniu.</p>

<p>Firma Zakład Ślusarski została założona przez Jana Pieścika w 1985 roku. Na początku istnienia głównym profilem działalności firmy były usługi dla rolnictwa i małych przedsiębiorstw. Obecny właściciel firmy Piotr Pieścik przekształcil profil działalności w obróbkę głowic silnikowych. Początki jak zawsze były trudne i zaczęły się od małego warsztatu który został przerobiony po garażu samochodowym. Obecnie zakład zmienił siedzibę na nową i jest to firma w której pracują trzy pokolenia; Jan Pieścik, Piotr Pieścik i Artur Pieścik. Pracujemy na bardzo nowoczesnych maszynach które można zobaczyć w zakładce Galeria. Przez lata obróbki&#8230;<a class="read-more" href="http://regeneracjaglowic.com/">read more</a></p>
